 the prime factors of 13900232?
2, 1737529
List the prime factors of 595981.
595981
What are the prime factors of 1646559?
3, 19, 9629
What are the prime factors of 269779?
269779
List the prime factors of 30861.
3, 127
List the prime factors of 1670063.
17, 31, 3169
What are the prime factors of 720600?
2, 3, 5, 1201
List the prime factors of 88428.
2, 3, 7369
What are the prime factors of 3383066?
2, 1691533
List the prime factors of 99861.
3, 33287
List the prime factors of 784200.
2, 3, 5, 1307
What are the prime factors of 3070073?
3070073
What are the prime factors of 624863?
29, 743
List the prime factors of 919617.
3, 317, 967
List the prime factors of 350152.
2, 11, 23, 173
List the prime factors of 1611625.
5, 12893
List the prime factors of 5474397.
3, 389, 4691
List the prime factors of 565324.
2, 79, 1789
List the prime factors of 65553.
3, 21851
List the prime factors of 278712.
2, 3, 7, 79
What are the prime factors of 3143127?
3, 13, 83, 971
List the prime factors of 1539743.
137, 11239
What are the prime factors of 509891?
373, 1367
List the prime factors of 7200400.
2, 5, 47, 383
What are the prime factors of 439670?
2, 5, 7, 11, 571
What are the prime factors of 1566962?
2, 421, 1861
List the prime factors of 6678717.
3, 23, 43, 2251
List the prime factors of 12917739.
3, 17, 19, 13331
List the prime factors of 3800198.
2, 23, 82613
What are the prime factors of 2787389?
11, 43, 71, 83
List the prime factors of 1670486.
2, 191, 4373
What are the prime factors of 1115829?
3, 11, 13, 17
What are the prime factors of 20350921?
17, 1197113
What are the prime factors of 40966?
2, 20483
What are the prime factors of 18504200?
2, 5, 11, 13, 647
What are the prime factors of 28263097?
103, 331, 829
What are the prime factors of 476040?
2, 3, 5, 3967
List the prime factors of 10764862.
2, 157, 34283
List the prime factors of 638906.
2, 319453
What are the prime factors of 13173491?
131, 227, 443
List the prime factors of 701589.
3, 7, 33409
List the prime factors of 643331.
13, 17, 41, 71
List the prime factors of 1057486.
2, 199, 2657
What are the prime factors of 17000?
2, 5, 17
What are the prime factors of 190371?
3, 23, 31, 89
List the prime factors of 3149056.
2, 12301
List the prime factors of 7435033.
7435033
List the prime factors of 65441.
31, 2111
What are the prime factors of 6570537?
3, 41, 53419
List the prime factors of 1281050.
2, 5, 25621
List the prime factors of 1135997.
1135997
What are the prime factors of 151225?
5, 23, 263
What are the prime factors of 4675279?
7, 23, 71, 409
List the prime factors of 7347633.
3, 61, 40151
What are the prime factors of 109349?
43, 2543
List the prime factors of 5376501.
3, 13, 45953
List the prime factors of 803502.
2, 3, 7, 911
List the prime factors of 123021.
3, 13669
What are the prime factors of 218488?
2, 31, 881
List the prime factors of 28809.
3, 11, 97
List the prime factors of 1199410.
2, 5, 277, 433
What are the prime factors of 2572421?
2572421
What are the prime factors of 9621?
3, 1069
List the prime factors of 3634462.
2, 13, 139787
List the prime factors of 57873.
3, 101, 191
List the prime factors of 378290.
2, 5, 11, 19, 181
What are the prime factors of 3720830?
2, 5, 271, 1373
List the prime factors of 223540.
2, 5, 11177
List the prime factors of 78305.
5, 15661
What are the prime factors of 742222?
2, 13, 28547
What are the prime factors of 9425468?
2, 13, 73, 191
What are the prime factors of 2822722?
2, 7, 201623
What are the prime factors of 6491051?
7, 349, 2657
List the prime factors of 2325404.
2, 581351
What are the prime factors of 824724?
2, 3, 31, 739
What are the prime factors of 227875?
5, 1823
List the prime factors of 19458411.
3, 7, 37, 79, 317
List the prime factors of 142119.
3, 15791
List the prime factors of 74320.
2, 5, 929
What are the prime factors of 6757846?
2, 3378923
What are the prime factors of 1162580?
2, 5, 58129
What are the prime factors of 407577?
3, 135859
What are the prime factors of 86575?
5, 3463
List the prime factors of 711332.
2, 163, 1091
What are the prime factors of 2102165?
5, 13, 32341
List the prime factors of 51416.
2, 6427
What are the prime factors of 2543494?
2, 1271747
What are the prime factors of 6543854?
2, 3271927
What are the prime factors of 183431?
59, 3109
What are the prime factors of 167687?
13, 12899
List the prime factors of 125080.
2, 5, 53, 59
List the prime factors of 1428856.
2, 11, 13, 1249
What are the prime factors of 4077692?
2, 1019423
List the prime factors of 6257735.
5, 11, 113777
List the prime factors of 1459984.
2, 91249
What are the prime factors of 2461875?
3, 5, 13, 101
What are the prime factors of 1904401?
29, 97, 677
List the prime factors of 10413543.
3, 7, 79, 6277
What are the prime factors of 23921105?
5, 13, 28309
What are the prime factors of 1819112?
2, 29, 7841
List the prime factors of 224310.
2, 3, 5, 7477
What are the prime factors of 3881689?
7, 554527
List the prime factors of 1110642.
2, 3, 13, 29, 491
What are the prime factors of 28714420?
2, 5, 7, 205103
List the prime factors of 1316747.
139, 9473
What are the prime factors of 55898?
2, 19, 1471
List the prime factors of 906013.
906013
What are the prime factors of 15961930?
2, 5, 1117, 1429
List the prime factors of 1104048.
2, 3, 11, 17, 41
What are the prime factors of 1691501?
7, 241643
List the prime factors of 2488780.
2, 5, 7, 29, 613
List the prime factors of 30547742.
2, 17, 113, 7951
List the prime factors of 1329991.
13, 263, 389
What are the prime factors of 81272?
2, 10159
What are the prime factors of 541913?
149, 3637
What are the prime factors of 3544284?
2, 3, 295357
List the prime factors of 774565.
5, 11, 14083
What are the prime factors of 633677?
11, 5237
List the prime factors of 294750.
2, 3, 5, 131
List the prime factors of 1135310.
2, 5, 11, 10321
List the prime factors of 6967525.
5, 278701
What are the prime factors of 2066612?
2, 516653
What are the prime factors of 900539?
900539
What are the prime factors of 26894108?
2, 53, 126859
List the prime factors of 313615.
5, 62723
What are the prime factors of 1456408?
2, 307, 593
What are the prime factors of 28490582?
2, 14245291
List the prime factors of 376183.
376183
List the prime factors of 4495025.
5, 179801
What are the prime factors of 519768?
2, 3, 7219
List the prime factors of 6344105.
5, 83, 15287
What are the prime factors of 215928?
2, 3, 2999
What are the prime factors of 3638687?
13, 31, 9029
List the prime factors of 724404.
2, 3, 17, 53, 67
What are the prime factors of 132225?
3, 5, 41, 43
What are the prime factors of 1928691?
3, 7937
What are the prime factors of 7013141?
7013141
What are the prime factors of 2364474?
2, 3, 7, 19, 2963
What are the prime factors of 38192341?
11, 31, 47, 2383
List the prime factors of 13147125.
3, 5, 35059
What are the prime factors of 148953?
3, 7, 41, 173
List the prime factors of 5541758.
2, 23, 120473
List the prime factors of 18131971.
11, 13, 11527
List the prime factors of 2286180.
2, 3, 5, 13, 977
What are the prime factors of 7007360?
2, 5, 10949
What are the prime factors of 2394913?
2394913
What are the prime factors of 21450892?
2, 601, 8923
What are the prime factors of 256140?
2, 3, 5, 1423
List the prime factors of 784556.
2, 196139
List the prime factors of 1012238.
2, 506119
List the prime factors of 4433418.
2, 3, 11, 22391
List the prime factors of 3542962.
2, 1771481
What are the prime factors of 572105?
5, 31, 3691
What are the prime factors of 4853535?
3, 5, 491, 659
What are the prime factors of 3531315?
3, 5, 397, 593
List the prime factors of 70149.
3, 67, 349
What are the prime factors of 78818?
2, 39409
What are the prime factors of 189425?
5, 7577
What are the prime factors of 9827644?
2, 37, 66403
List the prime factors of 352445.
5, 70489
What are the prime factors of 1261859?
17, 199, 373
List the prime factors of 226926.
2, 3, 7, 1801
List the prime factors of 7048813.
1753, 4021
List the prime factors of 394056.
2, 3, 13, 421
List the prime factors of 1744100.
2, 5, 107, 163
List the prime factors of 852603.
3, 284201
List the prime factors of 311436.
2, 3, 41, 211
List the prime factors of 316834.
2, 7, 53, 61
List the prime factors of 216